 4*v. Suppose 8 = -4*k, v*a = 2*a - 4*k - 10. List the prime factors of ((-10)/(-2))/(a/(-12)).
2, 3, 5
Suppose 2*h - 47*h = -64620. List the prime factors of h.
2, 359
Let i(f) = f**3 + f**2 - 3*f - 3. Let x be i(-2). Let o be x/7 + (-128)/(-14). Suppose 2*g + o - 77 = 0. List the prime factors of g.
2, 17
Suppose 3*f + n = -f + 402, -108 = -f - 4*n. Suppose 10*m - f = 5*m. What are the prime factors of m?
2, 5
Suppose -2*g - 3*h = -1056, 4*g = -4*h + 7*h + 2148. What are the prime factors of g?
2, 3, 89
Suppose -5*d = -2*c + 268, -111 = -c + d + 20. Suppose -c - 151 = -4*f. List the prime factors of f.
2, 5, 7
List the prime factors of 5 - (-2)/(12/8814).
2, 11, 67
Let i = -5123 - -8762. What are the prime factors of i?
3, 1213
Suppose -a + 1 = -3. Suppose -a*m - 34 = -4*u - 130, -46 = -2*m + 3*u. What are the prime factors of m?
2, 13
Suppose 4*l = -2*w + 5454, l - w + 6810 = 6*l. What are the prime factors of l?
1361
Suppose 84*z - 89*z = -315. List the prime factors of z.
3, 7
List the prime factors of 0 - (-1 + -2327) - (-324)/(-108).
3, 5, 31
Let w = 48 + -39. Suppose 0 = -8*j + w*j - 148. What are the prime factors of j?
2, 37
Let v = 386 - 374. Suppose -5 = 2*c - 15. Suppose v = d + 2*r, 2*r = -c*d + r + 69. List the prime factors of d.
2, 7
List the prime factors of 495 + (3 + -1 - 3 - 3).
491
Let r(j) = -4*j**2 - 19*j. Let d be r(-5). What are the prime factors of 20/(-5) - d - -113*2?
227
Let v(d) = 4*d**2 - 37*d - 20. List the prime factors of v(-15).
5, 7, 41
Let j = 2893 - 1250. List the prime factors of j.
31, 53
Let t(u) = u**2 - 10*u + 17. Let y be t(7). Let w = y + 16. What are the prime factors of w?
2, 3
Let p be 2*(0 + 2)*1. Suppose -n - 3*m + 13 = -0*n, -p*m = -2*n + 6. Suppose -17 = n*q - 80. What are the prime factors of q?
3
Suppose 5*r - 1967 = 258. Suppose 123 = 8*h - r. What are the prime factors of h?
71
Suppose 3*s = 2 + 13. Suppose s*a + 12 + 3 = 0. List the prime factors of 705/20 - a/(-12).
5, 7
Let o = -8098 - -13847. What are the prime factors of o?
5749
Let h(f) be the third derivative of 17*f**4/24 - f**3/2 - 12*f**2. What are the prime factors of h(3)?
2, 3
Let y(m) = -45*m**2 + 2*m + 1. Let i = -14 - -13. Let g be y(i). What are the prime factors of (-464)/(-26) - g/299?
2, 3
Let q = 8 - -30. Let z = q + -53. Let y(h) = -h**3 - 16*h**2 - 17*h - 14. List the prime factors of y(z).
2
Let h(l) = -l**3 - 23*l**2 + 19*l - 36. List the prime factors of h(-26).
2, 7, 107
Suppose -4*v + 4870 = v. What are the prime factors of v?
2, 487
Let i(y) = 3*y**3 + y**2 + 7*y. List the prime factors of i(3).
3, 37
Let d = 1711 + -619. Suppose -8*b - 4 = -d. List the prime factors of b.
2, 17
Let o be (-6 - -4)*-4 + 1. What are the prime factors of (-2195)/(-45) - (-2)/o?
7
Let y = 23 - 21. Suppose y*m - 29 = 7. What are the prime factors of m?
2, 3
Suppose 0 = 2*b + i - 2725, -4195 = -3*b - 3*i - 100. List the prime factors of b.
2, 5, 17
Suppose 5*f + 1953 = s, 0 = f - 69 + 68. List the prime factors of s.
2, 11, 89
Suppose -39*x + 7356 = -35*x - 3*j, -5*x = -4*j - 9194. What are the prime factors of x?
2, 3, 307
Suppose q - 326 + 91 = c, 0 = 2*q + c - 467. Let n = q + -145. List the prime factors of n.
89
Let a(z) = z - 5. Let o be a(7). Let m be (o + 4/(-8))*12. Suppose 1 = -t + 2*f - 2, 5*t + f - m = 0. List the prime factors of t.
3
Let r be (-2)/4*(-17 + 3). Let d = r + 17. What are the prime factors of d?
2, 3
Suppose u + 2*p - 25 = 0, 0 = 5*u - 2*p + 5*p - 97. List the prime factors of u.
17
Suppose -71 - 1254 = -5*w. Suppose -n - 114 - 135 = -5*r, 5*n + w = 5*r. What are the prime factors of r?
7
Let a(i) = -i**3 + 7*i**2 + 3*i + 8. Suppose 0 = 4*l + l - 4*t - 6, 4*t = -3*l + 10. Let w be (-6 + 13)/(2/l). What are the prime factors of a(w)?
29
Suppose 0*a = -6*a + 396. Suppose -3 = 3*f, -3*v + a - 3 = 3*f. What are the prime factors of v?
2, 11
Let t(l) = -2*l**2 - 19*l - 5. Let o be t(-9). Suppose 5*i = v - 4, -3*i - i + o = v. Suppose -180 = -4*x - i*x. What are the prime factors of x?
3, 5
Suppose -5*w - 4*p + 25 = 0, 8*p = -4*w + 4*p + 16. Suppose 0 = 14*c - w*c - 275. List the prime factors of c.
5, 11
Let o(s) = -4*s + 550. What are the prime factors of o(-30)?
2, 5, 67
Suppose -8 = 4*c, -3*w = c - 449 - 1250. What are the prime factors of w?
3, 7
Let b(a) = 42*a**2 + 6*a + 5. Let q(i) = 21*i**2 + 3*i + 2. Let o(f) = -6*b(f) + 13*q(f). What are the prime factors of o(-3)?
2, 11
Suppose -54*r + 40936 = -11*r. List the prime factors of r.
2, 7, 17
Suppose -3*f - 28 = -4*q, -f - 38 = 3*q - 7. Let r = f - -54. List the prime factors of r.
2, 19
Let x(m) = -m**2 - 10*m - 1. Let g be x(-9). Suppose -g*v = -4*v + 20. List the prime factors of 302/12 - v/(-30).
5
Let b = 640 + 216. List the prime factors of b.
2, 107
Suppose -5*u = j + 25, -5*j + 0*u = -4*u - 20. Suppose j*p = -3*p + 9. Let b = p - -38. List the prime factors of b.
41
Let g(o) be the third derivative of -13*o**4/24 - 9*o**3/2 - 31*o**2. List the prime factors of g(-10).
103
Suppose u + 21 + 24 = 4*d, 4*u + 141 = 3*d. Let k = u - -43. What are the prime factors of k?
2, 5
Let r(h) = h - 10. Let l be r(3). Let k(j) = j**3 + 10*j**2 - 5*j - 20. List the prime factors of k(l).
2, 3
Let c = -355 - -6051. What are the prime factors of c?
2, 89
Let z be 12/18 - 8/3. Let b be 1/(z + (-330)/(-166)). Let h = b + 118. List the prime factors of h.
5, 7
Let v be -48 + 3 + 1 + -4. Let m = v + 134. List the prime factors of m.
2, 43
Let s = -3 - -18. Let z = s + -14. Let c(k) = 20*k - 1. List the prime factors of c(z).
19
Let w be ((-1038)/72 + 4/6)*-4. Let k = w + -31. List the prime factors of k.
2, 3
Suppose 11*u = -u + 3276. What are the prime factors of u?
3, 7, 13
Let k(m) = 4*m + 29. Let q be k(-6). Suppose -b + 5*i + 41 = -34, -205 = -3*b + q*i. What are the prime factors of b?
5, 13
Let f = -19 + 166. Let h = f + -58. List the prime factors of h.
89
Suppose -17*n = -19*n + 466. What are the prime factors of n?
233
Suppose -4*q = -26*q + 5698. List the prime factors of q.
7, 37
Suppose 4*t + 861 = s, -2*t + 475 + 2879 = 4*s. Let j = -544 + s. What are the prime factors of j?
3, 11
Let q be 1/(2*(-3)/(-12)). Suppose 0*g - q*g = 0. What are the prime factors of g/(-2) + (24 - 2)?
2, 11
List the prime factors of 2 + (1268 - (6 - 4)).
2, 317
Let o(c) = 196*c + 1118. What are the prime factors of o(12)?
2, 5, 347
Let b = -61 - -60. List the prime factors of (0 + b)*(-74)/(-3)*-3.
2, 37
Let p = -271 - -771. Suppose u - p = -4*u. What are the prime factors of u?
2, 5
List the prime factors of (9842/28)/((-4)/(-8)).
19, 37
Let d(j) = 3*j**2 + 89*j - 192. What are the prime factors of d(-53)?
2, 1759
Let r(t) = t**2 + 19*t + 23. Let w(y) = -2 - 4*y**2 + 24 + 5*y**2 + 19*y. Let i(b) = -6*r(b) + 5*w(b). List the prime factors of i(-14).
2, 3, 7
Let c(z) = 8*z - 28. Let t be c(5). Suppose 0 = -3*p + t*p - 2088. What are the prime factors of p?
2, 29
Let d(x) = x - 5. Let t be d(4). Let y = 5 + t. Suppose -h + 70 = y*h. What are the prime factors of h?
2, 7
Let o(r) = -10*r + 19. Suppose 6 = d + 2*i - 6, -3*d + 34 = 4*i. Let f be o(d). Let b = 146 + f. List the prime factors of b.
5, 13
Let c(q) = 5*q**2 - q + 3. Let b be c(3). Suppose -j + b = -2*x, -2*j = -0*j - 2*x - 98. What are the prime factors of j?
53
Suppose 0 = -4*g - g + 10. Suppose 30 = -2*o + 4*p, -g*p - 7 = 2*o - 1. Let x(r) = -6*r + 9. What are the prime factors of x(o)?
3, 17
Let m(b) = 921*b**2 + 11*b - 32. What are the prime factors of m(2)?
2, 11, 167
Let j be -135 - (3/(-1) - 0). Let a be j/(-16) + 4/(-16). List the prime factors of (3 + (-4)/a)*14.
5, 7
Suppose -c - c + 2652 = 2*x, -2651 = -2*x - 3*c. List the prime factors of x.
1327
Let w(d) = d - 2. Let y be w(11). Let m(v) = v + 7 + 3 + y - v**2. What are the prime factors of m(0)?
19
Let p be ((-122)/(-4))/((-7)/(-2) - 3). Suppose -m - 3*b + 195 = -p, 0 = -5*m - 5*b + 1300. What are the prime factors of m?
2, 131
Let s(t) = 39*t - 23. What are the prime factors of s(8)?
17
Suppose -u + 0 + 211 = 0. Let x = 447 - u. List the prime factors of x.
2, 59
Let q(o) be the first derivative of 3 - 6 + 2*o**2 - 6*o - 1. What are the prime factors of q(5)?
2, 7
Let u(r) = r - 2. Let b be u(5). Suppose -3 = -3*w - b*q + 45, -60 = -3*w + 3*q. List th